2?
1636
What is the greatest common divisor of 9105 and 60?
15
Calculate the greatest common divisor of 18781 and 2653.
7
Calculate the greatest common factor of 1960740 and 2160.
540
What is the greatest common factor of 675 and 5940?
135
Calculate the greatest common divisor of 17679 and 11205.
249
Calculate the greatest common factor of 175596 and 72.
12
What is the highest common divisor of 3179 and 2635?
17
Calculate the highest common factor of 5978 and 98.
98
Calculate the greatest common factor of 154656 and 8.
8
Calculate the greatest common divisor of 282277 and 14146.
643
What is the greatest common divisor of 274946 and 492?
82
Calculate the highest common divisor of 378 and 759654.
126
Calculate the highest common divisor of 5 and 33941.
1
Calculate the highest common divisor of 8672 and 928.
32
What is the highest common factor of 170159 and 14663?
341
What is the greatest common factor of 9220 and 16?
4
What is the greatest common divisor of 78 and 910598?
26
What is the greatest common divisor of 126546 and 3?
3
What is the greatest common factor of 42 and 63972?
6
Calculate the highest common factor of 112 and 2096.
16
What is the highest common factor of 242374 and 23?
23
What is the highest common factor of 180 and 3120?
60
What is the highest common divisor of 9 and 2654037?
9
What is the highest common divisor of 4 and 291833?
1
What is the highest common factor of 1640006 and 3064?
766
Calculate the highest common divisor of 819 and 261859.
13
Calculate the greatest common divisor of 644 and 1372.
28
What is the greatest common factor of 308983 and 413?
59
What is the greatest common divisor of 75251 and 308?
11
Calculate the highest common divisor of 148 and 10487206.
74
Calculate the highest common factor of 1993409 and 44.
11
What is the highest common factor of 8 and 148164?
4
What is the highest common divisor of 231 and 24189?
33
Calculate the highest common factor of 92 and 2393564.
92
Calculate the highest common divisor of 117 and 561717.
117
What is the greatest common divisor of 50 and 47560?
10
Calculate the greatest common divisor of 635 and 389890.
635
Calculate the greatest common divisor of 1971 and 31098.
219
What is the highest common factor of 55148 and 17?
17
Calculate the highest common factor of 33 and 21098.
11
Calculate the greatest common factor of 26 and 4023994.
26
Calculate the highest common factor of 37056 and 114.
6
Calculate the greatest common divisor of 55 and 51845.
5
What is the greatest common divisor of 58616 and 1224?
136
What is the highest common divisor of 64 and 7297664?
64
What is the highest common factor of 18570 and 30?
30
What is the highest common divisor of 9956 and 10349?
131
What is the greatest common factor of 10 and 227690?
10
What is the greatest common divisor of 1704 and 130072?
568
What is the highest common factor of 78 and 13026?
78
Calculate the greatest common factor of 23720 and 80.
40
What is the highest common factor of 138 and 675579?
69
Calculate the highest common factor of 270 and 299790.
90
What is the greatest common factor of 467422 and 174?
58
Calculate the highest common divisor of 1182 and 2758.
394
Calculate the highest common divisor of 48068 and 13002.
394
What is the highest common factor of 1254 and 1173117?
627
Calculate the greatest common divisor of 4887 and 594.
27
Calculate the greatest common divisor of 649 and 15163.
59
What is the greatest common factor of 1070 and 37110?
10
Calculate the highest common divisor of 12827 and 1717.
101
Calculate the highest common divisor of 301371 and 381.
381
Calculate the highest common factor of 409384 and 511.
73
What is the greatest common factor of 9852 and 4932?
12
What is the highest common factor of 97063 and 58?
29
Calculate the greatest common divisor of 61477 and 416.
13
What is the highest common factor of 260 and 5260?
20
Calculate the greatest common factor of 48 and 321808.
16
Calculate the highest common divisor of 1850281 and 23.
23
Calculate the greatest common factor of 624 and 776880.
624
Calculate the highest common divisor of 10675 and 243817.
427
What is the greatest common factor of 174 and 22098?
174
What is the greatest common factor of 47370 and 6?
6
Calculate the highest common divisor of 35 and 7085.
5
What is the greatest common factor of 8680 and 95760?
280
Calculate the highest common divisor of 2601 and 4167.
9
Calculate the greatest common divisor of 263170 and 30.
10
What is the greatest common factor of 2686 and 1190?
34
Calculate the greatest common divisor of 9167 and 126647.
89
Calculate the greatest common divisor of 32 and 314.
2
Calculate the greatest common divisor of 46 and 14329.
23
Calculate the greatest common factor of 11603 and 12136.
41
Calculate the greatest common divisor of 60 and 568230.
30
What is the highest common divisor of 18563 and 76?
19
What is the greatest common divisor of 5 and 16610?
5
Calculate the greatest common divisor of 654 and 163718.
218
Calculate the greatest common divisor of 21 and 4739.
7
Calculate the highest common factor of 63 and 213822.
63
Calculate the greatest common divisor of 25905 and 297.
33
Calculate the greatest common factor of 375 and 42450.
75
What is the greatest common factor of 171243 and 4770?
477
Calculate the greatest common divisor of 8557 and 2189.
199
Calculate the greatest common factor of 7 and 50729.
7
Calculate the highest common factor of 132 and 228954.
66
What is the greatest common factor of 1745267 and 746?
373
Calculate the highest common divisor of 132554 and 6494.
382
Calculate the highest common factor of 16272 and 1584.
144
Calculate the greatest common divisor of 15636 and 5316.
12
Calculate the highest common factor of 2679 and 312033.
141
What is the highest common factor of 119 and 76181?
7
What is the highest common divisor of 123738 and 30?
6
What is the greatest common divisor of 16587 and 2109?
57
What is the highest common divisor of 696 and 14181?
87
What is the greatest common factor of 425 and 51935?
85
What is the greatest common factor of 101940 and 20?
20
Calculate the greatest common factor of 1316 and 422765.
329
What is the highest common divisor of 11186 and 18683?
119
Calculate the greatest common divisor of 24487 and 141.
47
Calculate the greatest common factor of 200095 and 35.
35
What is the greatest common divisor of 1358 and 186046?
1358
Calculate the highest common factor of 364 and 6692.
28
What is the greatest common divisor of 285 and 744?
3
What is the greatest common divisor of 1485 and 7155?
135
Calculate the highest common divisor of 5877 and 54.
9
Calculate the greatest common factor of 4293 and 3807.
81
What is the highest common divisor of 4335 and 8925?
255
What is the greatest common divisor of 2518 and 3?
1
Calculate the greatest common factor of 168 and 1631.
7
What is the highest common factor of 1833 and 19176?
141
Calculate the greatest common divisor of 79 and 283847.
79
Calculate the highest common divisor of 970 and 1130.
10
Calculate the greatest common divisor of 1529170 and 232.
58
What is the greatest common divisor of 29310 and 15?
15
Calculate the highest common divisor of 3979 and 89095.
173
What is the highest common divisor of 1047393 and 45?
9
What is the highest common factor of 672 and 238224?
336
Calculate the greatest common factor of 415 and 317309.
83
Calculate the greatest common factor of 4536 and 116536.
56
Calculate the greatest common factor of 420 and 58980.
60
Calculate the greatest common factor of 2529 and 225.
9
What is the greatest common divisor of 1403 and 76061?
23
Calculate the greatest common factor of 219072 and 6.
6
Calculate the highest common factor of 13671 and 10385.
31
Calculate the highest common factor of 428 and 97370.
214
What is the highest common factor of 10 and 337390?
10
Calculate the greatest common factor of 737 and 1078.
11
What is the highest common factor of 141 and 4700?
47
Calculate the highest common divisor of 264 and 179652.
132
Calculate the highest common divisor of 9192 and 29491.
383
Calculate the highest common divisor of 188 and 24722.
94
Calculate the greatest common divisor of 538 and 59987.
269
What is the greatest common divisor of 105084 and 315?
63
Calculate the highe